z = k - p. Is z a multiple of 14?
False
Suppose -s + 2*z = -3, 4*s + 5*z + 2 = 14. Suppose -5*h - 131 = 3*f, s*h + 45 = -f + 4. Let t = 73 + f. Is t a multiple of 15?
False
Let f(v) = v + 6. Let w be f(-5). Let q = 311 + -308. Suppose q*t - 19 + w = 0. Does 2 divide t?
True
Suppose 2*d + 2*d = 4*i + 1308, 5*d + 5*i - 1675 = 0. Let w = -184 + d. Is 25 a factor of w?
False
Suppose 7*y - 7168 = -7*y. Is 16 a factor of y?
True
Suppose 1046 = 13*n - 683. Is 7 a factor of n?
True
Suppose 0 = 5*p - 18 - 12. Suppose -s + p*s = 420. Is s a multiple of 21?
True
Let q(b) = b**3 + 6*b**2 + 3*b - 7. Let l be q(-5). Suppose l*f - 21 = 33. Is 5 a factor of f?
False
Suppose -1720 = -22*y + 1514. Is y a multiple of 6?
False
Let f(m) = 96*m - 543. Is f(16) a multiple of 7?
False
Let x(n) = -n**2 + 55*n - 63. Is 12 a factor of x(48)?
False
Suppose -870 = 120*k - 125*k. Is 2 a factor of 12/(k/(-48) + 4)?
True
Is 21 a factor of (-9676)/(-22) + ((-513)/(-99) - 5)?
False
Let b(y) = -32*y - 14. Let q(c) = -4 + c - 4*c + 3 + 4*c. Let x(a) = b(a) - 5*q(a). Is x(-3) a multiple of 26?
False
Suppose 5*m = 4*d - 6*d + 3226, -4*m - 4816 = -3*d. Is 67 a factor of d?
True
Let x(h) = h**2 + 3*h + 20. Let f be x(-8). Let l be -1 - f/(6/(-3)). Suppose 5*t + l = -3*n + 145, 2*n - 73 = t. Is 14 a factor of n?
False
Let k be (-2)/(-6)*(204 + 15) - 0. Let c = k + -55. Does 2 divide c?
True
Let u = 8 + -6. Suppose b - 3*b + u*n = -4, -4 = -2*b - 3*n. Let h = b - -14. Is h a multiple of 6?
False
Let y(v) = -v + 7. Let k be y(-10). Is 30 a factor of 41 + k + 1 + 1?
True
Suppose 4*u + 1080 + 662 = 3*y, -3*y - u + 1747 = 0. Is 6 a factor of y?
True
Let p = 1951 + -1310. Let j be 2/(-9) + p/9. Suppose 3*b + 2 = j. Does 7 divide b?
False
Suppose -65*g + 5796 = -62*g. Does 12 divide g?
True
Let l be -65 + -3*(-2)/(-6). Let d = 102 + l. Is d a multiple of 12?
True
Is 12 a factor of (-91)/65 + 6651/15?
False
Let n be (0 + -2)/((-5)/(-440)*2). Let d = 13 - n. Is 8 a factor of d?
False
Suppose 2*b - 5*q - 23 = -2*b, 3*q = 3*b - 15. Suppose 5*z = -t + 104, -54 = -b*z - 3*t - 2. Is z a multiple of 3?
False
Let g = -74 - -76. Is 10 a factor of ((-12)/16 + g)*40?
True
Suppose -4*b + 30 = 2*l, 0 = 4*l - 2*l - 2*b. Suppose -55 = -5*j + l*t, 2 = -j - 3*t - 3. Suppose 0 = j*u - 5*u - 174. Is 29 a factor of u?
True
Let n be 3/(-9) - 20/3. Does 8 divide (n - -4)*8*-1?
True
Let z be (4 + -2 - -2) + -5. Let j(b) = -166*b - 1. Does 33 divide j(z)?
True
Let b(g) = -g**2 + 13*g - 8. Let d be b(12). Let j be (-114)/8 + d/16. Is 14 a factor of (-217)/j + 6/(-4)?
True
Let t(r) = r**3 - 8*r**2 - 33*r + 29. Does 5 divide t(11)?
False
Let o = -10 - -15. Is (-13)/o*(-16 - -11) a multiple of 3?
False
Suppose 0 = -2*n + 33 + 17. Let a be -1 + 1 + -2 - 11. Let b = a + n. Is b a multiple of 4?
True
Let n be -2*(-1142)/16 + (-2)/(-8). Let g = 282 - n. Is 13 a factor of g?
False
Let z be (-4)/(-2 + -2)*0. Suppose z*v = 4*v - 20. Suppose -v*j = 4*x - 210, x - 5*j = 23 + 17. Is x a multiple of 11?
False
Let o(b) = -b + 4. Let u be o(0). Suppose -u*k - 1 = 2*g - 3*k, 3*g - 2*k - 9 = 0. Let c(p) = 28*p - 1. Is 9 a factor of c(g)?
True
Suppose -4*o - o = 5*q + 30, -5*o - 15 = 0. Is ((-52)/4)/(1/q) a multiple of 9?
False
Let b(i) = i**3 + 13*i**2 - 4*i + 3. Let o be b(-11). Suppose 3*f - 2*f - 4*s - o = 0, 4*f - 1105 = -s. Is f a multiple of 20?
False
Suppose -9*a + 66 = -735. Let s = a + -53. Does 19 divide s?
False
Suppose 3655 - 48381 = -38*i. Does 10 divide i?
False
Suppose 5*o = 4*o + 3. Does 5 divide -1*o*105/(-63)?
True
Let n(x) = -25*x**3 - 3*x**2 + 7*x + 17. Is n(-3) a multiple of 17?
False
Suppose 0 = 4*d - 5*j - 74, 5*d = 4*j + j + 90. Let z = d - 6. Does 3 divide z?
False
Let n(b) = 37*b - 212. Does 18 divide n(14)?
True
Let h(l) = -130*l + 69. Does 21 divide h(-3)?
False
Suppose 25 = n - 61. Let p = 107 - n. Is 3 a factor of p?
True
Let v(o) = -2*o + 14. Let h be v(9). Suppose a + 1 - 4 = 0. Is 17 - a/(1 + h) a multiple of 18?
True
Let z = 1125 + -665. Does 20 divide z?
True
Let o(u) = -u + 5. Let v be o(4). Suppose 0*c = -c + v, 4*i = 4*c + 896. Suppose i = 5*w - 2*w. Is w a multiple of 25?
True
Let g be 11/22 + 5/2. Suppose -1578 = -g*n - 483. Suppose 4*z = 9*z - n. Does 16 divide z?
False
Let i = 16 - 13. Suppose -45 = -2*r - i*r. Is r a multiple of 9?
True
Let c be ((-32)/(-6))/(10/330). Suppose 5*t + c = 9*t. Does 5 divide t?
False
Suppose 5*q - 75 - 160 = 0. Suppose q - 2 = 5*m. Is m a multiple of 8?
False
Suppose -k + 0*k - 10 = -3*y, -3*k = 5*y - 12. Suppose y*i = -3*p + 135, -5*p + 0*p + 228 = 4*i. Is 9 a factor of p?
False
Let v(z) = z**3 - 38*z**2 + 119*z + 45. Does 20 divide v(35)?
False
Let b(u) = 7*u**3 - 68*u**2 + 13*u - 18. Is 15 a factor of b(10)?
False
Suppose 0 = 3*w + 5*b - 4 - 3, -5*w + 19 = b. Suppose 3*o - 10 = o. Suppose o*p = -w*i + 3*p + 56, -14 = -i + 5*p. Is 7 a factor of i?
True
Let j be 2/(-4) - 9/(-6). Let v be (-4)/(-10) + 69/15. Does 6 divide (0 - j)*v*-6?
True
Let t = 14 - 6. Let d be t/12 - (-138)/9. Let h = d - -4. Is h a multiple of 20?
True
Let c = 10 + -6. Suppose -c*m = -s - 6, -3*s + 8*s = -5*m + 70. Suppose 2*f - 4*z = s, 5*f - 55 = 3*f - 5*z. Is 6 a factor of f?
False
Let k(x) = -163*x**3 - 2*x**2 - 2*x - 1. Let z be k(-1). Suppose 4*a = -2*a + z. Does 7 divide a?
False
Let d = 187 + -62. Does 13 divide d?
False
Let y(z) be the second derivative of 0 + 2*z**2 + 3*z + 1/3*z**3 - 1/2*z**4 - 1/20*z**5. Is 13 a factor of y(-7)?
True
Let f = 98 - 95. Suppose f*q = 27 + 15. Is q a multiple of 8?
False
Suppose -705 = -35*c + 32*c. Let j = -137 + c. Does 7 divide j?
True
Suppose -5*w + 1165 = -g, 24*g - 27*g - 932 = -4*w. Does 69 divide w?
False
Let k(u) = -u**3 - 12*u**2 - 8*u + 28. Let a(i) = -5*i + 23. Let z be a(7). Is k(z) a multiple of 21?
False
Let y be (3/(-6))/((-2)/(-4)). Let j be 4/(-6)*-3 + y. Is 8 a factor of ((-2)/j)/(4/(-32))?
True
Suppose -w + f = -1, 9 = 8*w - 4*w + f. Is 3 a factor of (w + (-4)/8)*14/1?
True
Let b = -3 - -16. Suppose -4*y - 499 - b = 0. Is -3*y/12 + -1 a multiple of 26?
False
Let v(w) = -6*w - 10. Let d be v(-4). Suppose 0 = 2*n - 0*n - 4*j - d, -2*j = 2*n + 4. Let b(y) = 16*y**3 + y**2 - 2*y + 1. Is 15 a factor of b(n)?
False
Suppose -2*p + 4*t = -256, 128 = p - 0*p + 2*t. Suppose -51*s + 50*s + p = 0. Is 32 a factor of s?
True
Suppose -3*p = 9, k + p = -2*p + 147. Let c(x) = 2*x**2 + 4*x - 198. Let v be c(9). Suppose -4*s + k = -4*z, -z - 4 = -v*z. Is s a multiple of 7?
True
Let g = 28 - -6. Suppose -q - 2*x - 3*x = -g, q - 14 = 5*x. Is 10 a factor of q?
False
Let n be ((-12)/9)/(4/(-12)). Suppose x + 4*h - 17 = 6, -2*x + 2*h = n. Suppose x*r = r + 72. Is 12 a factor of r?
True
Let t(v) = v**2 + 16*v + 37. Is t(-21) a multiple of 2?
True
Suppose 6*t - 1077 = 573. Is t a multiple of 11?
True
Suppose 2*r - 6*r = 0. Suppose 3*t - 22 - 2 = -w, 5*t = r. Does 4 divide w?
True
Let c(j) = -3*j - 10. Let h be c(-4). Suppose -9 = -s - h*s. Suppose 2*p = -0*w + 4*w - 38, 2*p = s*w - 28. Is w a multiple of 10?
True
Let s = -37 - 36. Let o = 100 + s. Is 2 a factor of o?
False
Let l = 2313 - 1351. Is 13 a factor of l?
True
Let k(z) = z**3 - 13*z**2 + 17*z - 17. Does 8 divide k(13)?
False
Let h(j) = -13*j + 584. Is 7 a factor of h(-17)?
True
Suppose 4*w = -5*m + w - 22, w = 3*m + 16. Let c(r) = r**2 + 7*r + 14. Let p be c(-4). Is 15 a factor of ((-576)/45)/(p/m)?
False
Let y(h) = -12*h - 1 + 2*h - h**2 + 0 - 4*h. Let t(q) = 3*q - 1. Let a be t(-3). Does 16 divide y(a)?
False
Is (-301)/258 - (-8359)/6 a multiple of 12?
True
Suppose -558 = -4*f + p, -136 = -f - p + 3*p. Suppose 0 = -u + 3*i + 140, 2*u = -5*i + f + 129. Is 48 a factor of u?
False
Suppose 0 = v + 2*d + 1, 0 = -5*v - 4*d - 3 + 10. Suppose 4*j - 19 = v*j - 5*r, -3*j - r = -1. Let w(o) = -9*o**3 + 1. Is w(j) a multiple of 10?
True
Suppose 8 = 7*i + 8. Suppose k - 64 = 9. Suppose -m + k = -i*m. Does 19 divide m?
False
Let v(s) = 16*s**2 + 12*s - 24. Is v(2) a multiple of 16?
True
Suppose 4*k + 3*u = 11 - 2, -k + 12 = 4*u. Suppose k = 2*t - 7*t + 95. Is t a multiple of 9?
False
Suppose 21*k - 295 - 566 = 0. Is k a multiple of 20?
False
Let q(b) = b**3 + 4*b**2 - b - 10. Let x be q(-4). Does 18 divide -2*4/x*(-618)/(-8)?
False
Suppose -32*a = -27*a - 25. Suppose -21 = -2*n + a*l, 3*l - 4*l = 3*n -